*2 - 7*i - 2. Suppose 2*x = -2*x + 132. Suppose 2*b + 12 = -3*f, 0*b + b - x = 5*f. Give t(f).
4
Let t(b) = -b**3 - b**2 - b + 1. Let w(u) = -u**3 + 4*u**2 + 2*u - 4. Let s(o) = 2*t(o) - w(o). Determine s(-5).
1
Let u(c) = -651*c**2 + 0*c + 3*c**3 + c - 1 + 650*c**2 + 0. What is u(1)?
2
Let j(h) = 187*h + 2 + 5 - 6*h**2 - 197*h + h**3. Give j(7).
-14
Let x(d) be the first derivative of d**3/3 + 7*d**2/2 + 4*d + 19. What is x(-5)?
-6
Let z(x) = x**2 + 1. Let j(g) = -7*g**2 + 4*g - 3. Let n(h) = -j(h) - 6*z(h). Give n(5).
2
Let f(g) be the third derivative of 0*g + 1/24*g**4 - 2*g**2 + 3/2*g**3 + 0. Calculate f(0).
9
Let b = 16 - 12. Suppose b = -4*y + 4*p, 6*p = p. Let d(l) = -5*l**3 - 2*l - 1. What is d(y)?
6
Let m = -14 - -20. Let r(o) = -7 - o**2 + 3 + m - 7*o**3 - 1. Give r(-1).
7
Suppose -4*j + 30 = j. Let i(d) = 2 - 5*d + 2 + 4*d. Give i(j).
-2
Let q(v) = -v**2 + 0*v - 4*v + 2*v + 1. Let f = -5 + 3. What is q(f)?
1
Let x(j) = -2*j**2 + 3*j**2 - 6*j**2 + 3*j + 6*j**2 - 1. What is x(-4)?
3
Let q(c) = -c + 9. Let p = -9 + 11. Let u(l) = -l**3 - 7*l**2 + 10*l + 12. Let d be u(-8). Let j be p/9 - d/(-18). What is q(j)?
9
Let s(q) = -2*q + 6. Let y be s(3). Let l = 6 + -2. Let z(c) = -c - 5*c - l*c**2 + y*c**3 + c**3 + 1. Give z(5).
-4
Let h(o) = -4*o**2 + o. Let u be h(-1). Let p(g) be the second derivative of -1/20*g**5 - 1/2*g**4 + 2*g + 0 - 7/2*g**2 - g**3. Give p(u).
-2
Let s(y) = -5*y**2 - 2*y - 1. Let c be (-9)/(-12) - 3/(-12). Let l(p) = -2*p**2 + 1. Let w be l(c). Determine s(w).
-4
Let w(x) be the first derivative of x**3/3 - 2*x**2 + 2*x + 5. Determine w(4).
2
Suppose -2*h + 12 = -6*h. Let x(a) = 9*a**2 + 4*a + 1. Let r(y) = 5*y**2 + 2*y + 1. Let d(v) = h*x(v) + 5*r(v). Determine d(-2).
-2
Let i be (1 + -2)*(-260)/20. Let p(g) = g**3 - 12*g**2 - 15*g + 17. Give p(i).
-9
Let t be (-25)/30 + 2/(4*-3). Let x(f) = -4*f**2 - f + 4. Let i(z) = -5*z**2 - z + 5. Let u(v) = -5*i(v) + 6*x(v). Give u(t).
1
Let q(f) = -4*f**2 - 2*f + 4. Let h(u) = 7*u**2 + 3*u - 8. Let c(v) = 3*h(v) + 5*q(v). Let d(g) = -2*g - 1. Let p be d(1). What is c(p)?
8
Let d(r) = 11*r**3 + 3*r**2 + 11*r - 7. Let h(g) = -5*g**3 - 2*g**2 - 5*g + 3. Let m(i) = -4*d(i) - 9*h(i). Suppose -23 = 4*t + 1. What is m(t)?
-5
Let q(p) = 4*p + 4. Let w(i) = -i - 1. Let r(n) = -q(n) - 5*w(n). Give r(-6).
-5
Suppose 35 = 4*j + b, 0 = -3*b + 7*b + 20. Let l(i) = 1 - i**2 - 4*i**2 - 11*i**3 + j*i**3. What is l(-5)?
1
Let w(a) be the first derivative of a**4/4 + 4*a**3/3 + a**2/2 - 3. Give w(-4).
-4
Let m(a) = a + 2. Suppose 5 = x, 19 - 1 = -p + 3*x. Calculate m(p).
-1
Let p(c) = c. Let s be -1 + -3 + (0 - 1). Give p(s).
-5
Let o = 0 + 2. Let n(r) = r + 0*r - o*r + 5*r**2. Let p(l) = -l**3 + 15*l**2 + 16*l - 1. Let s be p(16). Calculate n(s).
6
Suppose -4*g - 1 = 3, 0 = 4*c - 4*g + 8. Let l(n) be the second derivative of n**3/2 + 2*n**2 + n. Determine l(c).
-5
Let v(l) be the second derivative of -l**3/6 - 5*l**2/2 - l. Let x be ((-2)/(-5))/((-3)/(-15)). Suppose t + t + x*a = 0, -t + 5*a = 24. Determine v(t).
-1
Let x be 1/2*2*-1. Let s(a) = 6*a**2 + 1. Calculate s(x).
7
Let d(x) = x**3 + 5*x**2 + 2*x - 3. Let r(o) = -o**2 + 11*o - 4. Let i be r(11). Calculate d(i).
5
Let k(a) = -a**3 - 6*a**2 - 6*a - 3. Let w be 2/((-8)/(-4)) - 6. Give k(w).
2
Suppose 0 = -4*w + 7 + 1. Let a(v) = v**2 + 2. Determine a(w).
6
Let b(k) = -4*k + 4. Let a(z) = 3*z - 3. Let v(c) = 5*a(c) + 4*b(c). Let s(j) = j**2 + 7*j + 7. Let y be s(-5). Let o = 8 + y. Give v(o).
-4
Suppose -g = -2*p - 2, 2*p + 7 = -2*g - 7. Let a(w) = 0 - w**2 - 8*w - 4 + 2*w. What is a(g)?
4
Let w(p) = -p**2 + 3*p + 5. Let y(g) = g - 5. Let m be y(9). Determine w(m).
1
Let x(q) = -q**3 + 4*q**2 + 4. Let d = -130 + 134. Calculate x(d).
4
Let l(g) be the first derivative of -2*g**3/3 - 3*g**2/2 - 2*g + 6. Let a = -2 - 0. What is l(a)?
-4
Let o(l) = -l**2 - 5*l + 4. Suppose -21 = -p + 3. Suppose -4*v = -0*v + p. Let g be o(v). Let a(s) = s**2 - 3*s - 2. What is a(g)?
8
Let v(c) = -c**3 + 4*c**2 - 2*c + 2. Suppose 0 = -r - 6 + 1. Let f = r - -7. Give v(f).
6
Let m(a) be the first derivative of a**4/4 + a**3/3 + 7*a - 2. Let q be 4/5 + (-3)/(-15). Let v = q + -1. Give m(v).
7
Suppose -4 = -2*r + g, -g + 0*g - 2 = 0. Let w(f) = 0*f + r + 1 + f - 2*f. What is w(3)?
-1
Let x(a) be the first derivative of a**3/3 + 7*a**2/2 + 7*a + 4. What is x(-5)?
-3
Let t be (20/(-6))/(22/(-99)). Let n = -13 + t. Let o(w) = -2*w**2 - w + 1. Calculate o(n).
-9
Suppose -3*i = -0*i. Let k = -12 - -17. Suppose i = k*j - 2*j. Let q(z) = z - 4. Give q(j).
-4
Let l(a) = -4*a**2 + 22*a + 25. Let u(n) = -3*n**2 + 15*n + 17. Let q(c) = 5*l(c) - 7*u(c). Determine q(-4).
2
Let w(b) = 196*b - 196*b - 1 - 3*b**2 + 6*b**2. Suppose -5*i - 2*g + g = -23, -3*g = -4*i + 26. Let h(o) = -o**2 + 5*o + 1. Let l be h(i). What is w(l)?
2
Let p(n) = -n**2 + 3*n + 1. Let c be p(3). Let g = c + -5. Let s(v) = v**3 + 3*v**2 - 2*v - 3. Give s(g).
-11
Suppose 3*f + 7 = 1, 2*f = c - 6. Suppose 0 = c*q + 3*q + 15. Let y(n) = -4*n - 1. Determine y(q).
11
Let r(z) = z**3 + 8*z**2 - 10*z - 4. Let b(h) = -h**3 + 4*h**2 - 9. Let a be b(4). What is r(a)?
5
Let i(f) be the second derivative of -f**5/20 + f**4/3 - 3*f. What is i(2)?
8
Let o(u) = -14*u - 35. Let g(i) = 5*i + 12. Suppose -3*l - 58 = 5*m, -4*m - 7 = 4*l + 41. Let v(r) = m*g(r) - 4*o(r). What is v(0)?
8
Suppose -9 = -2*m - 3. Let v be 6/m - (0 + 5). Let u(s) = -s**2 - 2*s - 3 + 3 - 2. Give u(v).
-5
Suppose -2*x + 0 = 8. Let m(n) be the first derivative of n**3/3 + 2*n**2 + 3*n + 17. What is m(x)?
3
Let u = 8 - 5. Let o(z) = -4*z + 3. Calculate o(u).
-9
Let x(z) = z + 3. Let r = -10 - -17. Let d(q) = -2*q + 9. Let j be d(r). Give x(j).
-2
Let n(p) = -p**2 + 2*p. Suppose 2*o - 10 = -2, 0 = 4*r - 5*o. Let z(t) = t**2 - 6*t + 8. Let y be z(r). What is n(y)?
-3
Let q(k) = -k**2 - 8*k + 4. Let n be q(-9). Let h(j) = -6*j**2 + 4*j - 2. Let f(b) = b**2 + 1. Let o(r) = n*f(r) - h(r). Calculate o(4).
-3
Let y(g) be the second derivative of g**5/20 - g**4/2 + 3*g**3/2 - 2*g**2 + 5*g. Let q(d) = d**3 - 6*d**2 + 8*d - 3. Let n(m) = -3*q(m) + 2*y(m). Give n(5).
-4
Let a be (-126)/33 + 12/(-66). Let o(c) = -2*c - 4. Give o(a).
4
Let t(u) = u - 20. Let i(a) = 13*a - 167. Let h(o) = -7*o + 84. Let k(b) = -5*h(b) - 3*i(b). Let z(p) = 2*k(p) + 9*t(p). Determine z(0).
-18
Suppose h - 2*s + 28 = 4*h, 4*s - 6 = -h. Let f(l) = -7*l - l + l + h*l. Determine f(1).
3
Let j(l) = l**3 - 4*l**2 - 5*l + 1. Let r = 3 - 1. Let o = r - -3. What is j(o)?
1
Let q be 12 + (1 - 1) + -2. Suppose 8*g = 10*g - q. Let k(n) = n**2 + 5*n + 7. Let j(t) = 2*t**2 + 5*t + 8. Let d(i) = 2*j(i) - 3*k(i). Give d(g).
-5
Let o = 311 + -307. Let g(d) = -d**2 - 4*d - 3. Let z(u) = u**2 + u + 1. Let n(c) = -g(c) - 2*z(c). What is n(o)?
-7
Let v(k) = k**2 - k - 5. Suppose 2*q = 4*q + 2*q. What is v(q)?
-5
Let f(i) = i**2 + 7*i - 4. Suppose -4*u + 52 = 2*k, -5*u + 2*k - k + 72 = 0. Suppose c + c = -u. Calculate f(c).
-4
Let s(l) be the second derivative of l**5/20 - l**4/3 - l**3/6 + l**2 - 7*l. Give s(4).
-2
Let u(o) = -o + 11. Let q be u(6). Suppose p - 1 = -3*h, -5*p - 3*h + 21 = 4. Let b(l) = p + l - 1 - 5*l**2 + l**3 - 2*l. What is b(q)?
-2
Suppose 5 = -5*t - 0*t. Let r(p) = 5*p + p - 3*p. What is r(t)?
-3
Suppose w - 26 = -w + 5*r, 0 = 4*w - 3*r - 24. Suppose -w*x = 9, f + 2*x = -2*x - 10. Let t(y) = y**f + 4 + 6*y + y**2 + y - y**2. Determine t(-5).
-6
Let a(l) = 4*l + 1. Suppose -25 = -2*d + d - 4*y, d - 3*y = -10. Suppose r - d*b = -23, -2*r - 8 - 8 = -4*b. What is a(r)?
9
Let c be (-10)/(-4)*(-4)/5. Let y = 6 + c. Let u(s) = -s**3 + 2*s**2 + 6*s - 2. Calculate u(y).
-10
Let g(z) = z**3 + 5*z**2 + 3*z + 4. Let i be (8/(-3))/((-8)/(-12)). What is g(i)?
8
Let b(q) be the second derivative of q**5/20 - q**3/3 + q**2/2 - 3*q. Let t be -1 - -2 - 4 - -1. Let g = t - -3. What is b(g)?
0
Let f(z) = -z**2 - z - 6. Suppose 1 = -4*g + d + 4, 4*g - 12 = 4*d. Determine f(g).
-6
Let f(u) = -8*u - 33. Let m(c) = -2*c - 8. Let d(o) = 2*f(o) - 9*m(o). Determine d(-6).
-6
Let m(n) be the first derivative of -n**4/4 - 4*n**3/3 - 3*n**2/2 - 6*n + 49. Determine m(-4).
6
Let i(z) = -18*z + 28*z - 11*z. Calculate i(1).
-1
Let k(n) = n**3 + 6*n**2 + 2*n - 1. Let j = 3 + -9. Calculate k(j).
-13
Let l(a) = -